 3*z - 15. Suppose 0 = -2*d + d + 4*c - 17, -3*c + 21 = 2*d. Calculate the highest common factor of z and d.
3
Let w be ((-11)/2)/(1/2). Let y(l) = l**3 + 11*l**2 + 1. Let r be y(w). What is the greatest common divisor of 5 and r?
1
Suppose 5*y = 3*z - 84, -3*z = -y + 26 - 98. What is the highest common divisor of 230 and z?
23
Let r(h) = -2*h - 6. Let m be r(-6). What is the highest common factor of 60 and m?
6
Suppose 0 = 2*i - 1 - 1. Suppose -x + 5 = i. What is the greatest common factor of x and 4?
4
Let g be ((-6)/(-12))/(3/30). What is the greatest common factor of 2 and g?
1
Let g = 31 - 28. Suppose -15 = -2*a + 15. What is the highest common divisor of g and a?
3
Let g = 255 - 102. What is the highest common divisor of g and 17?
17
Suppose 3*x = 3*n - 9, 4*x + 2 = 2*x. Calculate the highest common factor of 14 and n.
2
Let d(m) = -m + 6. Let z be d(-6). Suppose -z*i + 15*i = 117. Suppose a + 26 = 3*a. What is the highest common divisor of a and i?
13
Let m be (-1)/(-1 + (-2 - -4)). Let v = m - -13. What is the highest common factor of v and 108?
12
Let q = 84 - 82. What is the highest common divisor of 4 and q?
2
Let j = 122 + -82. Suppose -3*x = 5*v - 11, x - v - 8 = 5*x. Let w = 13 - x. Calculate the highest common factor of w and j.
8
Let a(i) = -i**2 - 7*i - 8. Let p be a(-5). Let k = 5 - p. Let c = -3 - -12. What is the highest common factor of c and k?
3
Let j = -2 + 12. Calculate the greatest common factor of 30 and j.
10
Let h be 1/(-2 - 54/(-26)). Let i(o) = o**3 - 13*o**2 + 3. Let s be i(h). What is the greatest common divisor of s and 24?
3
Let j = -12 - -18. Suppose -j = -5*v + 4. Calculate the greatest common divisor of v and 16.
2
Suppose 0 = 8*p - 835 + 235. What is the highest common divisor of p and 30?
15
Suppose 4*m = -4*o + 2*o + 38, -5*m + 46 = 4*o. Suppose 0*r = -5*r + 10. Let a = m + r. What is the highest common factor of a and 96?
12
Suppose -t = -22 + 4. What is the highest common factor of 27 and t?
9
Let k(d) = -3*d + 11. Let t(n) = 4*n - 12. Let q(p) = 5*k(p) + 4*t(p). Let i be q(0). Let g be (-3)/6 - 86/(-4). What is the highest common factor of i and g?
7
Suppose -2*c + 5*m + 32 - 1 = 0, 0 = 5*m + 25. Calculate the greatest common divisor of 6 and c.
3
Let b(i) = -i**3 + 5*i**2 + 3*i. Let s be b(5). Suppose -178 = 4*y - 658. What is the highest common divisor of s and y?
15
Let h = 1 + 28. Calculate the highest common factor of 116 and h.
29
Let j(s) = -4*s + 62. Let r be j(10). What is the highest common divisor of 33 and r?
11
Suppose -i - 33 = -4*z, 7*z - 2*i - 42 = 2*z. Suppose 3*h - 19 = -7*u + 2*u, -4*h = 2*u - 44. Let o = h - z. What is the highest common factor of o and 55?
5
Suppose -4*u - 212 = -1004. What is the greatest common divisor of 18 and u?
18
Let s be (3/(-9))/((-1)/15) - -2. What is the highest common factor of s and 91?
7
Suppose d + 4*d = -4*v + 138, 0 = 4*v - 2*d - 124. Suppose v = -3*x - 25. Let p = 47 + x. Calculate the greatest common factor of 42 and p.
14
Suppose -a - 10 = -6*a. Let n be (2 + 3 - a) + -3. Suppose n = -2*z + 7 + 1. What is the highest common factor of 12 and z?
4
Suppose -11*a + 6*a = 2*h - 69, -4*h + 2*a + 78 = 0. Let o be -2 + -2 + 3 + 34. What is the greatest common divisor of o and h?
11
Let i be (0 - (4 - 2)) + 4. Suppose 5*u = i*u + 30. Suppose -5*p - s + 22 = 0, p - 8 = -2*p + 2*s. Calculate the highest common factor of p and u.
2
Suppose 5*w - 6304 = -24. Let r be (-6)/(-27) + w/18. Suppose 0 = 4*t + 3*f - 25, f + f + 50 = 4*t. Calculate the highest common divisor of r and t.
10
Let i be 26/10 + 3/(-5). Let p be ((-3)/i)/(6/(-8)). What is the highest common factor of p and 10?
2
Suppose -9 = -3*j + 15. Suppose -4*q + 3*k = -k - 272, 0 = 3*q + 4*k - 176. Calculate the greatest common factor of q and j.
8
Suppose -4 = 3*x - 4*x. Suppose -x*m + 315 = -m. Calculate the highest common divisor of 15 and m.
15
Suppose 3*m - 5*f - 23 = 0, 5*f = 2*m + f - 18. Calculate the highest common divisor of m and 4.
1
Let a be 6*-1*-1*1. Let w be 75/(-25) + 57 + 0. What is the highest common factor of w and a?
6
Suppose 4*r = -3*f + 52, 3*f - 5*r + 0 - 16 = 0. Suppose 0 = -o + f. Let g be (9/o)/(1/8). Calculate the highest common factor of g and 18.
6
Let u(z) = -z**3 + 5*z**2 + 7*z - 2. Let b be u(6). Suppose -4*r = 5*m - 44, -2*m + 4*m = -r + 8. Calculate the highest common divisor of r and b.
4
Let q be (3 + 4/(-3))*3. Let o(g) = -2*g - 2. Let w be o(-2). Calculate the highest common divisor of w and q.
1
Suppose 36 = 2*m - 5*c, c = -5*m - 4*c + 20. Let d = 5 - m. Let v = d - -7. What is the greatest common divisor of v and 4?
4
Let c(a) be the third derivative of a**6/120 - a**4/12 - 2*a**2. Suppose 3*g - 3 = 2*g. Let k be c(g). What is the greatest common divisor of k and 21?
21
Let m be (-160)/(-15)*45/6. What is the highest common divisor of 16 and m?
16
Let u(j) = -17*j**3 + 2*j**2 + j. Let l be u(-1). Calculate the greatest common divisor of l and 54.
18
Suppose -2*u + 41 = g, -u + 2*g + 94 = 3*u. What is the greatest common factor of u and 165?
11
Let f = 81 - 37. Let k be (-151)/(-7) + (-15)/(-35). What is the highest common factor of f and k?
22
Let k = -453 + 741. What is the greatest common factor of 32 and k?
32
Let v(b) = 7*b - 11. Let n be v(13). What is the highest common divisor of n and 16?
16
Suppose 0 = -5*o - 0*o - 4*v + 1648, o - 322 = 3*v. Calculate the highest common divisor of 41 and o.
41
Suppose -4*n - 48 = -2*u, 0*u = -3*u + n + 67. What is the highest common factor of u and 44?
22
Suppose 68 = u + j, 4*j = -3*u - j + 200. Calculate the greatest common divisor of 10 and u.
10
Suppose 0 = -p + 4 - 2. Suppose 2*b - 13 = 15. Suppose 0 = -p*q + b. Calculate the highest common factor of 28 and q.
7
Suppose -4*w - 5 = -5*w. Let z = 0 + w. Calculate the greatest common divisor of 45 and z.
5
Suppose 4*y + 3*u = -u, 0 = -5*y - 3*u + 6. Suppose -6*i + 124 = -20. Calculate the highest common divisor of i and y.
3
Let p = 38 - -2. What is the greatest common factor of 20 and p?
20
Suppose -41 = -5*v - 6. Suppose -c = -4 - v. Calculate the greatest common divisor of c and 121.
11
Suppose 7*h = 3*h. Suppose 4*b = x - 33, h = -x + 2*b + 34 - 11. Calculate the highest common factor of x and 39.
13
Let a(l) = -51*l. Let v be a(-2). What is the greatest common factor of v and 68?
34
Let c = 143 + -134. What is the greatest common divisor of 36 and c?
9
Suppose 5*h + 205 = 3*i, -4*h - 419 = -5*i - 86. Calculate the highest common factor of i and 26.
13
Let o = 0 + 12. Calculate the highest common factor of 24 and o.
12
Let c = 82 - 76. Let x be (0 - (1 + 1))*-2. What is the highest common factor of c and x?
2
Let m = -115 + 172. What is the greatest common divisor of m and 57?
57
Let p be 422/10 - 3/15. Let v = 324 + -303. Calculate the greatest common factor of p and v.
21
Let t(f) = -66*f**2 - f. Let j be t(1). Let c = j - -97. Let l be (-15)/(2/4 - 2). Calculate the highest common factor of c and l.
10
Suppose 4*a - 3*h + 0*h - 32 = 0, -5*h = -a + 25. Suppose a*n - 41 = 29. Let w be 85/4 + (-1)/4. What is the greatest common factor of n and w?
7
Let t(h) = -h + 9. Let a be t(0). Calculate the greatest common factor of 99 and a.
9
Suppose 19 = b - 4*w, 5*b + 2*w = 4*b + 1. Calculate the greatest common divisor of 21 and b.
7
Let t be (-14)/10 + 14/35. Let f = 3 + t. What is the greatest common divisor of f and 4?
2
Let g = -97 + 121. What is the highest common factor of g and 3?
3
Suppose 0 = -2*j + 5*z + 72, 3*j - 5*z = -10*z + 58. Calculate the highest common divisor of j and 39.
13
Let j be -2*-6*(-2)/(-3). Calculate the greatest common divisor of j and 12.
4
Suppose c = 202 + 272. Suppose -2*b + 2*t = 2*b - c, 0 = -b - 2*t + 131. What is the highest common divisor of 11 and b?
11
Let u be 60/3 - (-2 - -4). Let d = u + -8. Calculate the highest common divisor of d and 110.
10
Suppose 5*y = -2*q + 3*y + 8, 4*q - y - 6 = 0. Suppose -s + 216 = q*s. What is the highest common factor of 8 and s?
8
Let y(u) = -u**3 - 6*u**2 - 7*u - 1. Let o be y(-5). Let f = 3 + 15. Calculate the greatest common divisor of f and o.
9
Let x = 61 - 53. What is the greatest common factor of 56 and x?
8
Let t = 22 + -9. Let q = t + -3. Let r = -22 + 42. Calculate the greatest